(112/36 - 3). Give q(s).
14
Let c = -304 - -488. Let j = c - 187. Let h(a) = a**3 + 3*a**2 + 2. Give h(j).
2
Let s(z) be the first derivative of z**2/2 + 14*z - 2181. What is s(-16)?
-2
Let m(w) = w**2 + 2*w + 4. Let o be m(-2). Let u = -1 - o. Let j(y) = -11*y - 11. Let l(s) = -12*s - 13. Let x(t) = u*l(t) + 6*j(t). Calculate x(-2).
11
Suppose 16 = 5*s + 2*h, -2*s = s - 2*h. Let y(v) be the third derivative of -1/12*v**4 + 1/60*v**5 + 0 + 0*v + 0*v**3 - v**2. Calculate y(s).
0
Let y be (-3)/2*(36 - (-3630)/(-99)). Let i(p) be the second derivative of -3*p**5/20 - p**3/6 + p. What is i(y)?
-4
Let m(i) = 0 - 3*i + 2*i - 3. Let s(b) = -b**3 - 7*b**2 - 11*b + 9. Let f be s(-4). Suppose f*j + 0*y = -y - 16, 0 = j + y. Determine m(j).
1
Let g(f) = -2*f**2 + 28*f - 69. Let d be g(3). Let t be (-16)/(-6)*(-6)/(-4). Let r(q) = -3 - 2 - q + t. Calculate r(d).
2
Let y(v) = 66*v + 17. Let d(r) = 21*r + 5. Let j(u) = 7*d(u) - 2*y(u). Determine j(3).
46
Let o(l) be the third derivative of -l**5/30 - l**4/24 + 25*l**3/3 - 6*l**2 - 50*l. Determine o(5).
-5
Let n(k) = -5*k + 2. Let z be 63/((-6)/(-2)) + 12/(-3). Suppose 15 + z = -16*l. Give n(l).
12
Let w(u) = u**2 + 16*u - 101. Let g be w(-21). Let l(r) be the second derivative of 5/12*r**4 + 0 + 0*r**2 + 4*r - 2/3*r**3 - 1/20*r**5. What is l(g)?
0
Let a(o) = -o**3 - o**2 + 4. Suppose 2*f + t + 38 = -22, -5*f = t + 147. Suppose 0 = 5*l - l - 116. Let r = f + l. Give a(r).
4
Let s(y) be the second derivative of -4*y**3/3 + 3*y**2 + 5*y + 393. Let l = 5 + 0. Give s(l).
-34
Let j be 21 - (-19)/(266/(-196)). Let u(x) = x + 4. Calculate u(j).
11
Let k(z) = z**3 - 3*z**2 - 4*z - 2. Suppose 324*q = 320*q + 332. Suppose -81*r = -q*r + 8. Calculate k(r).
-2
Let m be (4/(-14) + (-2337)/861)*8/(-6). Let u(l) be the third derivative of 10*l**2 + 0*l**m + 1/15*l**5 + 1/120*l**6 + 1/2*l**3 + 0*l + 0. What is u(-4)?
3
Suppose 15 = -3*i, -4 = -4*n + 2*i + 18. Let c(b) = 8*b + 7*b + 0 + 5 - 8*b. Let p(f) = 6*f + 4. Let h(x) = n*p(x) - 2*c(x). Determine h(-2).
-6
Let f(m) be the first derivative of m**5/20 - m**3/6 + 11*m**2/2 - 6*m + 170. Let p(k) be the first derivative of f(k). What is p(0)?
11
Let j(o) = -2*o**2 + 2*o + 97. Let z(t) = -t**2 + t + 87. Let b(x) = j(x) - z(x). Calculate b(6).
-20
Let l(m) = -m**3 + m**2 + 266*m + 104. Let k be l(17). Let c(j) = 3*j**2 - 5*j + 3. Calculate c(k).
5
Let v(w) = -4*w**2 - 3*w - 4. Let y be ((-6)/14 - (-154)/245) + 66/(-30). Calculate v(y).
-14
Let n(m) be the third derivative of -1/6*m**3 - 2*m**2 + 14*m + 0 - 1/12*m**4. Determine n(-7).
13
Let k = -6 - -8. Let b(d) = d + d + 5 - 2 + 2*d**2 + k*d**3 - 2. Suppose 5 = 3*i - 2*v, 5*v = 3*i - 21 + 4. Give b(i).
-1
Let h(o) = 5*o**3 - 48*o**2 + 65*o. Let b be h(8). Let u(a) = -a**3 + 6*a**2 + 13*a + 16. Determine u(b).
-8
Let o(h) be the second derivative of -h**4/12 + h**3 - h**2/2 - h - 20. Let r(j) = j**2 - 6*j + 2. Let i(x) = -3*o(x) - 2*r(x). Determine i(7).
6
Let f(o) be the second derivative of -4*o + 3 + 1/6*o**3 + 0*o**2 - 6/5*o**5 + 0*o**4. Give f(1).
-23
Let q(i) = -5*i**2 + 10*i + 4. Let f(s) = 6*s**2 + 1108*s - 1120*s + 4 - 10. Let y(b) = -3*f(b) - 4*q(b). Give y(2).
2
Let t be 2/(-5) + 26/65. Suppose 21*r + 103 + 44 = t. Let w(n) = n**2 + 5*n + 10. What is w(r)?
24
Let m(r) = 3*r + r**3 - 7*r**2 - 1 - r + 0*r**3. Suppose 5*b = -23 + 13 + 45. Determine m(b).
13
Let p(y) = -2*y - 1. Let u(t) = -2*t - 1. Let i(c) = 7*p(c) - 6*u(c). Let f = 25 + -17. Let a(z) = 5*z + 2. Let h(v) = f*i(v) + 3*a(v). What is h(-7)?
5
Let b(q) = q + 108. Let o be b(-106). Let u(c) be the third derivative of 0 + 0*c**4 + 0*c + 1/6*c**3 + 4/15*c**5 + 36*c**o. Calculate u(1).
17
Suppose -10285*o + 846 = -10426*o. Let g(l) be the second derivative of l**3/3 - 3*l**2 + 2*l. Give g(o).
-18
Suppose 18*o - 16*o - 4 = 0. Let t be 4/(2 + 0) + -34 + o. Let f be ((-2)/(-3))/((-5)/t). Let x(d) = -d**2 + 2*d - 5. Give x(f).
-13
Suppose 189 = -114*f - 609. Let j(d) = -d**2 - 20*d - 79. What is j(f)?
12
Let z(u) be the first derivative of -u**3/3 - u**2/2 + 20*u - 976. What is z(6)?
-22
Let d(o) be the first derivative of -o**2/2 + 3*o + 2. Let b(a) be the third derivative of -a**3/6 + 7*a**2 - 22. Let h(r) = -4*b(r) - d(r). Calculate h(-6).
-5
Let p(i) be the second derivative of -i**5/20 + 7*i**4/12 - i**3/3 - i**2/2 + 3595*i. Determine p(6).
23
Let v(p) = p**2 - 3*p - 2. Suppose b + 124 + 24 = -5*r, -4*b = -8. Let j be 984/9 - (-10)/r. Let y = 112 - j. Give v(y).
-2
Let v(c) = 5*c**3 + 16*c**2 + 9. Let b(o) = 2*o**3 + 8*o**2 + 5. Let q(u) = 7*b(u) - 3*v(u). Let x be q(8). Let h(a) = -35 + 49 + a - 26. Calculate h(x).
-4
Let u(z) = 3*z**2 + 17*z + 15. Let j be u(-5). Let q(y) = j - 8 + 5 + 6 + 4*y. Determine q(-7).
-20
Let d(n) be the first derivative of 8*n**3 + 3*n**2/2 + 3*n - 2806. Calculate d(-1).
24
Suppose 87*x = 89*x - 8. Let k(z) = -z**2 + 11*z - 2. Let s(p) = -2*p**2 + 23*p - 4. Let o(t) = 7*k(t) - 3*s(t). What is o(x)?
14
Let h be ((-5)/6 - 0)/((-4)/24). Suppose -11 = -h*g - 1. Let r(y) = 17*y**2 + y**3 - 7*y**2 - 9*y**g - 9*y**2 + 3*y - 2. Calculate r(8).
22
Let d(g) = -4521 - 3*g**2 - 4*g + 8946 - 4495 + 22*g. Give d(7).
-91
Let r(y) = -2*y - 27. Let s be r(-16). Let v(n) be the third derivative of n**6/120 - n**5/20 - n**4/4 - n**3/6 - 11*n**2 + 7. What is v(s)?
19
Let b(t) = 19*t**3 + 4*t**2 - 3*t. Let c be b(1). Suppose 144*h - 139*h = c. Let m(z) = z**2 - 4*z + 3. Give m(h).
3
Let m(i) = i**3 + i**2 + i - 5. Let v = 54 + -41. Let x = -68 + v. Let d = 55 + x. Calculate m(d).
-5
Let o = -9 - -3. Let i be ((-56)/30 - -2) + 2116/(-345). Let c(a) = -11*a**2 + 4*a - 3. Let y(m) = 2*m**2. Let j(s) = i*y(s) - c(s). Calculate j(o).
-9
Let s(t) = -2*t**2 + 13*t - 9. Let q be (2 + (-5)/3)/(3/45). Let l be s(q). Suppose -2*r = f - 9, f - 3 - l = -3*r. Let a(y) = -y + 2. What is a(f)?
-7
Let v(q) = -3*q**2 - 4*q + 1. Let m(u) = 16*u**2 + 22*u - 7. Let g(n) = -2*m(n) - 11*v(n). Calculate g(-5).
28
Suppose 2*g - 7*g = -4*u - 22, 2 = u. Suppose 16*o + 92 = 204. Suppose 8*m - o*m = g. Let w(j) = j**3 - 6*j**2 + 2*j - 2. What is w(m)?
10
Let y(k) be the first derivative of k**3/3 + 3*k**2 - 29*k + 1097. What is y(-9)?
-2
Let v be 3/(-9) + (-28)/(-3). Suppose -3*n = v - 0. Let z(g) = 14*g + 1. Let j(h) = 198*h + 14. Let w(i) = 3*j(i) - 42*z(i). Calculate w(n).
-18
Let x be (6930/1925)/((-2)/5 + 0). Let v(o) = -o**2 - 4*o + 13. What is v(x)?
-32
Suppose -351*f + 2185 + 974 = 0. Suppose 0 = -o - 2*m + 1, -3*m + 5 = -4*o - 24. Let d(l) = -3*l + 8. Let a(v) = 2*v - 4. Let j(z) = o*a(z) - 3*d(z). Give j(f).
-13
Let l(k) = 13 + 5*k**2 + 28 + 4 - 14*k**2 + 6*k**2 + 70*k. Calculate l(24).
-3
Let a(c) = -27*c - 57. Suppose -4 = 4*x + 2*b, 3*b = 15*x - 18*x. What is a(x)?
-3
Let b(m) = -4*m**3 + 2*m**2 + 2*m + 1. Let f(v) = v**2 - 18*v - 20. Suppose h - 42 = -a + 39, a - 69 = -5*h. Let p = a - 65. Let g be f(p). What is b(g)?
5
Let x be (-3 - 0) + (117 - 7). Suppose 7*f + x = 37. Let c(a) = -a**2 - 11*a - 3. What is c(f)?
7
Let o be 6/5*(-20)/3. Let i be 21/28*8/6. Let z(r) = -222*r + 10 - i + 113*r + 110*r. Give z(o).
1
Let i(y) = 11*y - 8. Let o(x) = -2*x. Let g(n) = i(n) + 3*o(n). What is g(6)?
22
Let k(a) = a + 8. Suppose -4*s - 8 = -48. Suppose -2*c - 6 = 0, 0 = -3*b + c + 14 + 4. Suppose -b*n - 4*p - s - 49 = 0, 0 = -n + 3*p - 8. Determine k(n).
-3
Let d(x) = -6*x - 9. Let n(l) = -7*l - 10. Let k(s) = -6*d(s) + 5*n(s). Let a = -805 + 811. Let g(q) = -27*q + 162. Let f be g(a). What is k(f)?
4
Let x = -11869 - -11882. Let o(a) = a**3 - 11*a**2 - 29*a + 14. Calculate o(x).
-25
Let h(j) = -4*j + 5 + 2*j + 10 - 2. Let g be (132/9)/(-1)*(14 + (-236)/16). Give h(g).
-9
Let z(k) = 8*k - 133. Let d(i) = i + 1. Let b(h) = -2*d(h) + z(h). Determine b(22).
-3
Let w(j) = 5*j + 16. Let t be w(-3). Let y(c) = t - 2 - 36*c + 38*c. Let g(d) = -d**3 - 4*d**2 - 2*d - 2. Let q be g(-3). Determine y(q).
-11
Suppose 6*z + 101 = -361. Let a = z + 85. Let o(p) = 2*p - 7. Determine o(a).
9
Let b(c) be the second derivative of c**6/120 - c**4/24 + 7*c**3/6 + 24*c**2 - 37*c. Let j(o) be the first derivative of b(o). What is j(0)?
7
Let q(v) = -10*v + 99. Let t be q(-5). Let j = t - 151. Let x(d) = -2*d**2 + 1. Determine x(j).
-7
Suppose 3*l = -4*h + 22, 3*l + 30*h = 29*h + 19. Let x(v)